{"id":1501,"date":"2024-07-01T18:59:59","date_gmt":"2024-07-01T15:59:59","guid":{"rendered":"https:\/\/woodworkantalya.com.tr\/?post_type=product&#038;p=1501"},"modified":"2026-03-02T20:57:39","modified_gmt":"2026-03-02T17:57:39","slug":"masif-agac-ceviz-renk-mutfak-ve-balkon-icin-dokum-ayakli-60x60-cm-masa","status":"publish","type":"product","link":"https:\/\/woodworkantalya.com.tr\/index.php\/urun\/masif-agac-ceviz-renk-mutfak-ve-balkon-icin-dokum-ayakli-60x60-cm-masa\/","title":{"rendered":"Masif A\u011fa\u00e7 Ceviz Renk Mutfak Ve Balkon I\u0307\u00e7in D\u00f6k\u00fcm Ayakl\u0131 60\u00d760 Cm Masa"},"content":{"rendered":"<p>Bu \u00dcr\u00fcn woodwork.antalyataraf\u0131ndan \u00fcretilmektedir. 1 ADET YEMEK MASASI G\u00d6NDER\u0130LECEKT\u0130R. Masam\u0131z 1.S\u0131n\u0131f f\u0131r\u0131nlanm\u0131\u015f masif \u00e7am a\u011fac\u0131ndan \u00fcretilmi\u015ftir. Su bazl\u0131 ah\u015fap koruyucu (Pinotex) VERN\u0130K uygulanm\u0131\u015ft\u0131r. Masa ayaklar\u0131 demonte bir \u015fekilde g\u00f6nderilmektedir. Masam\u0131z\u0131n vidalama yerleri haz\u0131rd\u0131r, ayaklar\u0131 a\u011fa\u00e7 tablaya vidalayarak kullanmaya ba\u015flayabilirsiniz. Masa: En: 60 cm Boy: 60 cm Y\u00fckseklik 70 cm A\u011fa\u00e7 Kal\u0131nl\u0131\u011f\u0131: 2,8 CM Yemek masam\u0131zda foto\u011fraf \u00e7ekiminde kullan\u0131lan aksesuarlar fiyata dahil de\u011fildir.<\/p>\n","protected":false},"excerpt":{"rendered":"<p>Bu \u00dcr\u00fcn woodwork.antalyataraf\u0131ndan \u00fcretilmektedir. 1 ADET YEMEK MASASI G\u00d6NDER\u0130LECEKT\u0130R. Masam\u0131z 1.S\u0131n\u0131f f\u0131r\u0131nlanm\u0131\u015f masif \u00e7am a\u011fac\u0131ndan \u00fcretilmi\u015ftir. Su bazl\u0131 ah\u015fap koruyucu (Pinotex) VERN\u0130K uygulanm\u0131\u015ft\u0131r. Masa ayaklar\u0131 demonte bir \u015fekilde g\u00f6nderilmektedir. Masam\u0131z\u0131n [&hellip;]<\/p>\n","protected":false},"featured_media":1502,"comment_status":"open","ping_status":"closed","template":"","meta":[],"product_brand":[],"product_cat":[38,43],"product_tag":[],"class_list":{"0":"post-1501","1":"product","2":"type-product","3":"status-publish","4":"has-post-thumbnail","6":"product_cat-yemek-masalari","7":"product_cat-yemek-odalari","9":"first","10":"outofstock","11":"sale","12":"shipping-taxable","13":"purchasable","14":"product-type-simple"},"yoast_head":"<!-- This site is optimized with the Yoast SEO plugin v25.5 - https:\/\/yoast.com\/wordpress\/plugins\/seo\/ -->\n<title>Masif A\u011fa\u00e7 Ceviz Renk Mutfak Ve Balkon I\u0307\u00e7in D\u00f6k\u00fcm Ayakl\u0131 60\u00d760 Cm Masa - Wood Work Antalya<\/title>\n<meta name=\"robots\" content=\"index, follow, max-snippet:-1, max-image-preview:large, max-video-preview:-1\" \/>\n<link rel=\"canonical\" href=\"http:\/\/woodworkantalya.com.tr\/index.php\/urun\/masif-agac-ceviz-renk-mutfak-ve-balkon-icin-dokum-ayakli-60x60-cm-masa\/\" \/>\n<meta property=\"og:locale\" content=\"tr_TR\" \/>\n<meta property=\"og:type\" content=\"article\" \/>\n<meta property=\"og:title\" content=\"Masif A\u011fa\u00e7 Ceviz Renk Mutfak Ve Balkon I\u0307\u00e7in D\u00f6k\u00fcm Ayakl\u0131 60\u00d760 Cm Masa - Wood Work Antalya\" \/>\n<meta property=\"og:description\" content=\"Bu \u00dcr\u00fcn woodwork.antalyataraf\u0131ndan \u00fcretilmektedir. 1 ADET YEMEK MASASI G\u00d6NDER\u0130LECEKT\u0130R. Masam\u0131z 1.S\u0131n\u0131f f\u0131r\u0131nlanm\u0131\u015f masif \u00e7am a\u011fac\u0131ndan \u00fcretilmi\u015ftir. Su bazl\u0131 ah\u015fap koruyucu (Pinotex) VERN\u0130K uygulanm\u0131\u015ft\u0131r. Masa ayaklar\u0131 demonte bir \u015fekilde g\u00f6nderilmektedir. Masam\u0131z\u0131n [&hellip;]\" \/>\n<meta property=\"og:url\" content=\"http:\/\/woodworkantalya.com.tr\/index.php\/urun\/masif-agac-ceviz-renk-mutfak-ve-balkon-icin-dokum-ayakli-60x60-cm-masa\/\" \/>\n<meta property=\"og:site_name\" content=\"Wood Work Antalya\" \/>\n<meta property=\"article:modified_time\" content=\"2026-03-02T17:57:39+00:00\" \/>\n<meta property=\"og:image\" content=\"http:\/\/woodworkantalya.com.tr\/wp-content\/uploads\/2024\/07\/1-1.jpg\" \/>\n\t<meta property=\"og:image:width\" content=\"2000\" \/>\n\t<meta property=\"og:image:height\" content=\"2000\" \/>\n\t<meta property=\"og:image:type\" content=\"image\/jpeg\" \/>\n<meta name=\"twitter:card\" content=\"summary_large_image\" \/>\n<meta name=\"twitter:label1\" content=\"Tahmini okuma s\u00fcresi\" \/>\n\t<meta name=\"twitter:data1\" content=\"1 dakika\" \/>\n<script type=\"application\/ld+json\" class=\"yoast-schema-graph\">{\"@context\":\"https:\/\/schema.org\",\"@graph\":[{\"@type\":\"WebPage\",\"@id\":\"http:\/\/woodworkantalya.com.tr\/index.php\/urun\/masif-agac-ceviz-renk-mutfak-ve-balkon-icin-dokum-ayakli-60x60-cm-masa\/\",\"url\":\"http:\/\/woodworkantalya.com.tr\/index.php\/urun\/masif-agac-ceviz-renk-mutfak-ve-balkon-icin-dokum-ayakli-60x60-cm-masa\/\",\"name\":\"Masif A\u011fa\u00e7 Ceviz Renk Mutfak Ve Balkon I\u0307\u00e7in D\u00f6k\u00fcm Ayakl\u0131 60\u00d760 Cm Masa - Wood Work Antalya\",\"isPartOf\":{\"@id\":\"https:\/\/woodworkantalya.com.tr\/#website\"},\"primaryImageOfPage\":{\"@id\":\"http:\/\/woodworkantalya.com.tr\/index.php\/urun\/masif-agac-ceviz-renk-mutfak-ve-balkon-icin-dokum-ayakli-60x60-cm-masa\/#primaryimage\"},\"image\":{\"@id\":\"http:\/\/woodworkantalya.com.tr\/index.php\/urun\/masif-agac-ceviz-renk-mutfak-ve-balkon-icin-dokum-ayakli-60x60-cm-masa\/#primaryimage\"},\"thumbnailUrl\":\"https:\/\/woodworkantalya.com.tr\/wp-content\/uploads\/2024\/07\/1-1.jpg\",\"datePublished\":\"2024-07-01T15:59:59+00:00\",\"dateModified\":\"2026-03-02T17:57:39+00:00\",\"breadcrumb\":{\"@id\":\"http:\/\/woodworkantalya.com.tr\/index.php\/urun\/masif-agac-ceviz-renk-mutfak-ve-balkon-icin-dokum-ayakli-60x60-cm-masa\/#breadcrumb\"},\"inLanguage\":\"tr\",\"potentialAction\":[{\"@type\":\"ReadAction\",\"target\":[\"http:\/\/woodworkantalya.com.tr\/index.php\/urun\/masif-agac-ceviz-renk-mutfak-ve-balkon-icin-dokum-ayakli-60x60-cm-masa\/\"]}]},{\"@type\":\"ImageObject\",\"inLanguage\":\"tr\",\"@id\":\"http:\/\/woodworkantalya.com.tr\/index.php\/urun\/masif-agac-ceviz-renk-mutfak-ve-balkon-icin-dokum-ayakli-60x60-cm-masa\/#primaryimage\",\"url\":\"https:\/\/woodworkantalya.com.tr\/wp-content\/uploads\/2024\/07\/1-1.jpg\",\"contentUrl\":\"https:\/\/woodworkantalya.com.tr\/wp-content\/uploads\/2024\/07\/1-1.jpg\",\"width\":2000,\"height\":2000},{\"@type\":\"BreadcrumbList\",\"@id\":\"http:\/\/woodworkantalya.com.tr\/index.php\/urun\/masif-agac-ceviz-renk-mutfak-ve-balkon-icin-dokum-ayakli-60x60-cm-masa\/#breadcrumb\",\"itemListElement\":[{\"@type\":\"ListItem\",\"position\":1,\"name\":\"Anasayfa\",\"item\":\"https:\/\/woodworkantalya.com.tr\/\"},{\"@type\":\"ListItem\",\"position\":2,\"name\":\"T\u00fcm \u00dcr\u00fcnler\",\"item\":\"https:\/\/woodworkantalya.com.tr\/index.php\/shop\/\"},{\"@type\":\"ListItem\",\"position\":3,\"name\":\"Masif A\u011fa\u00e7 Ceviz Renk Mutfak Ve Balkon I\u0307\u00e7in D\u00f6k\u00fcm Ayakl\u0131 60\u00d760 Cm Masa\"}]},{\"@type\":\"WebSite\",\"@id\":\"https:\/\/woodworkantalya.com.tr\/#website\",\"url\":\"https:\/\/woodworkantalya.com.tr\/\",\"name\":\"Wood Work Antalya\",\"description\":\"\",\"publisher\":{\"@id\":\"https:\/\/woodworkantalya.com.tr\/#organization\"},\"potentialAction\":[{\"@type\":\"SearchAction\",\"target\":{\"@type\":\"EntryPoint\",\"urlTemplate\":\"https:\/\/woodworkantalya.com.tr\/?s={search_term_string}\"},\"query-input\":{\"@type\":\"PropertyValueSpecification\",\"valueRequired\":true,\"valueName\":\"search_term_string\"}}],\"inLanguage\":\"tr\"},{\"@type\":\"Organization\",\"@id\":\"https:\/\/woodworkantalya.com.tr\/#organization\",\"name\":\"Wood Work Antalya\",\"url\":\"https:\/\/woodworkantalya.com.tr\/\",\"logo\":{\"@type\":\"ImageObject\",\"inLanguage\":\"tr\",\"@id\":\"https:\/\/woodworkantalya.com.tr\/#\/schema\/logo\/image\/\",\"url\":\"https:\/\/woodworkantalya.com.tr\/wp-content\/uploads\/2024\/01\/woodwork-logo.png\",\"contentUrl\":\"https:\/\/woodworkantalya.com.tr\/wp-content\/uploads\/2024\/01\/woodwork-logo.png\",\"width\":500,\"height\":500,\"caption\":\"Wood Work Antalya\"},\"image\":{\"@id\":\"https:\/\/woodworkantalya.com.tr\/#\/schema\/logo\/image\/\"}}]}<\/script>\n<!-- \/ Yoast SEO plugin. -->","yoast_head_json":{"title":"Masif A\u011fa\u00e7 Ceviz Renk Mutfak Ve Balkon I\u0307\u00e7in D\u00f6k\u00fcm Ayakl\u0131 60\u00d760 Cm Masa - Wood Work Antalya","robots":{"index":"index","follow":"follow","max-snippet":"max-snippet:-1","max-image-preview":"max-image-preview:large","max-video-preview":"max-video-preview:-1"},"canonical":"http:\/\/woodworkantalya.com.tr\/index.php\/urun\/masif-agac-ceviz-renk-mutfak-ve-balkon-icin-dokum-ayakli-60x60-cm-masa\/","og_locale":"tr_TR","og_type":"article","og_title":"Masif A\u011fa\u00e7 Ceviz Renk Mutfak Ve Balkon I\u0307\u00e7in D\u00f6k\u00fcm Ayakl\u0131 60\u00d760 Cm Masa - Wood Work Antalya","og_description":"Bu \u00dcr\u00fcn woodwork.antalyataraf\u0131ndan \u00fcretilmektedir. 1 ADET YEMEK MASASI G\u00d6NDER\u0130LECEKT\u0130R. Masam\u0131z 1.S\u0131n\u0131f f\u0131r\u0131nlanm\u0131\u015f masif \u00e7am a\u011fac\u0131ndan \u00fcretilmi\u015ftir. Su bazl\u0131 ah\u015fap koruyucu (Pinotex) VERN\u0130K uygulanm\u0131\u015ft\u0131r. Masa ayaklar\u0131 demonte bir \u015fekilde g\u00f6nderilmektedir. Masam\u0131z\u0131n [&hellip;]","og_url":"http:\/\/woodworkantalya.com.tr\/index.php\/urun\/masif-agac-ceviz-renk-mutfak-ve-balkon-icin-dokum-ayakli-60x60-cm-masa\/","og_site_name":"Wood Work Antalya","article_modified_time":"2026-03-02T17:57:39+00:00","og_image":[{"width":2000,"height":2000,"url":"http:\/\/woodworkantalya.com.tr\/wp-content\/uploads\/2024\/07\/1-1.jpg","type":"image\/jpeg"}],"twitter_card":"summary_large_image","twitter_misc":{"Tahmini okuma s\u00fcresi":"1 dakika"},"schema":{"@context":"https:\/\/schema.org","@graph":[{"@type":"WebPage","@id":"http:\/\/woodworkantalya.com.tr\/index.php\/urun\/masif-agac-ceviz-renk-mutfak-ve-balkon-icin-dokum-ayakli-60x60-cm-masa\/","url":"http:\/\/woodworkantalya.com.tr\/index.php\/urun\/masif-agac-ceviz-renk-mutfak-ve-balkon-icin-dokum-ayakli-60x60-cm-masa\/","name":"Masif A\u011fa\u00e7 Ceviz Renk Mutfak Ve Balkon I\u0307\u00e7in D\u00f6k\u00fcm Ayakl\u0131 60\u00d760 Cm Masa - Wood Work Antalya","isPartOf":{"@id":"https:\/\/woodworkantalya.com.tr\/#website"},"primaryImageOfPage":{"@id":"http:\/\/woodworkantalya.com.tr\/index.php\/urun\/masif-agac-ceviz-renk-mutfak-ve-balkon-icin-dokum-ayakli-60x60-cm-masa\/#primaryimage"},"image":{"@id":"http:\/\/woodworkantalya.com.tr\/index.php\/urun\/masif-agac-ceviz-renk-mutfak-ve-balkon-icin-dokum-ayakli-60x60-cm-masa\/#primaryimage"},"thumbnailUrl":"https:\/\/woodworkantalya.com.tr\/wp-content\/uploads\/2024\/07\/1-1.jpg","datePublished":"2024-07-01T15:59:59+00:00","dateModified":"2026-03-02T17:57:39+00:00","breadcrumb":{"@id":"http:\/\/woodworkantalya.com.tr\/index.php\/urun\/masif-agac-ceviz-renk-mutfak-ve-balkon-icin-dokum-ayakli-60x60-cm-masa\/#breadcrumb"},"inLanguage":"tr","potentialAction":[{"@type":"ReadAction","target":["http:\/\/woodworkantalya.com.tr\/index.php\/urun\/masif-agac-ceviz-renk-mutfak-ve-balkon-icin-dokum-ayakli-60x60-cm-masa\/"]}]},{"@type":"ImageObject","inLanguage":"tr","@id":"http:\/\/woodworkantalya.com.tr\/index.php\/urun\/masif-agac-ceviz-renk-mutfak-ve-balkon-icin-dokum-ayakli-60x60-cm-masa\/#primaryimage","url":"https:\/\/woodworkantalya.com.tr\/wp-content\/uploads\/2024\/07\/1-1.jpg","contentUrl":"https:\/\/woodworkantalya.com.tr\/wp-content\/uploads\/2024\/07\/1-1.jpg","width":2000,"height":2000},{"@type":"BreadcrumbList","@id":"http:\/\/woodworkantalya.com.tr\/index.php\/urun\/masif-agac-ceviz-renk-mutfak-ve-balkon-icin-dokum-ayakli-60x60-cm-masa\/#breadcrumb","itemListElement":[{"@type":"ListItem","position":1,"name":"Anasayfa","item":"https:\/\/woodworkantalya.com.tr\/"},{"@type":"ListItem","position":2,"name":"T\u00fcm \u00dcr\u00fcnler","item":"https:\/\/woodworkantalya.com.tr\/index.php\/shop\/"},{"@type":"ListItem","position":3,"name":"Masif A\u011fa\u00e7 Ceviz Renk Mutfak Ve Balkon I\u0307\u00e7in D\u00f6k\u00fcm Ayakl\u0131 60\u00d760 Cm Masa"}]},{"@type":"WebSite","@id":"https:\/\/woodworkantalya.com.tr\/#website","url":"https:\/\/woodworkantalya.com.tr\/","name":"Wood Work Antalya","description":"","publisher":{"@id":"https:\/\/woodworkantalya.com.tr\/#organization"},"potentialAction":[{"@type":"SearchAction","target":{"@type":"EntryPoint","urlTemplate":"https:\/\/woodworkantalya.com.tr\/?s={search_term_string}"},"query-input":{"@type":"PropertyValueSpecification","valueRequired":true,"valueName":"search_term_string"}}],"inLanguage":"tr"},{"@type":"Organization","@id":"https:\/\/woodworkantalya.com.tr\/#organization","name":"Wood Work Antalya","url":"https:\/\/woodworkantalya.com.tr\/","logo":{"@type":"ImageObject","inLanguage":"tr","@id":"https:\/\/woodworkantalya.com.tr\/#\/schema\/logo\/image\/","url":"https:\/\/woodworkantalya.com.tr\/wp-content\/uploads\/2024\/01\/woodwork-logo.png","contentUrl":"https:\/\/woodworkantalya.com.tr\/wp-content\/uploads\/2024\/01\/woodwork-logo.png","width":500,"height":500,"caption":"Wood Work Antalya"},"image":{"@id":"https:\/\/woodworkantalya.com.tr\/#\/schema\/logo\/image\/"}}]}},"_links":{"self":[{"href":"https:\/\/woodworkantalya.com.tr\/index.php\/wp-json\/wp\/v2\/product\/1501","targetHints":{"allow":["GET"]}}],"collection":[{"href":"https:\/\/woodworkantalya.com.tr\/index.php\/wp-json\/wp\/v2\/product"}],"about":[{"href":"https:\/\/woodworkantalya.com.tr\/index.php\/wp-json\/wp\/v2\/types\/product"}],"replies":[{"embeddable":true,"href":"https:\/\/woodworkantalya.com.tr\/index.php\/wp-json\/wp\/v2\/comments?post=1501"}],"wp:featuredmedia":[{"embeddable":true,"href":"https:\/\/woodworkantalya.com.tr\/index.php\/wp-json\/wp\/v2\/media\/1502"}],"wp:attachment":[{"href":"https:\/\/woodworkantalya.com.tr\/index.php\/wp-json\/wp\/v2\/media?parent=1501"}],"wp:term":[{"taxonomy":"product_brand","embeddable":true,"href":"https:\/\/woodworkantalya.com.tr\/index.php\/wp-json\/wp\/v2\/product_brand?post=1501"},{"taxonomy":"product_cat","embeddable":true,"href":"https:\/\/woodworkantalya.com.tr\/index.php\/wp-json\/wp\/v2\/product_cat?post=1501"},{"taxonomy":"product_tag","embeddable":true,"href":"https:\/\/woodworkantalya.com.tr\/index.php\/wp-json\/wp\/v2\/product_tag?post=1501"}],"curies":[{"name":"wp","href":"https:\/\/api.w.org\/{rel}","templated":true}]}}