{"id":905,"date":"2024-02-22T12:41:38","date_gmt":"2024-02-22T09:41:38","guid":{"rendered":"https:\/\/woodworkantalya.com.tr\/?post_type=product&#038;p=905"},"modified":"2026-03-02T20:40:17","modified_gmt":"2026-03-02T17:40:17","slug":"kitaplik-ceviz","status":"publish","type":"product","link":"https:\/\/woodworkantalya.com.tr\/index.php\/urun\/kitaplik-ceviz\/","title":{"rendered":"Kitapl\u0131k Ceviz renk 200&#215;200"},"content":{"rendered":"<p>1.S\u0131n\u0131f f\u0131r\u0131nlanm\u0131\u015f masif \u00e7am a\u011fac\u0131ndan \u00fcretilmi\u015f olup Su bazl\u0131 ah\u015fap koruyucu (Pinotex) ve ah\u015fap koruyucu vernik uygulanm\u0131\u015ft\u0131r. Kitapl\u0131\u011f\u0131m\u0131z demonte bir \u015fekilde g\u00f6nderilmektedir. \u00d6zel tasar\u0131m\u0131 sayesinde kurulumu \u00e7ok kolay olup vidalama ve birle\u015ftirme yerleri kurulumu kolayla\u015ft\u0131racak \u015fekilde numaraland\u0131r\u0131lm\u0131\u015ft\u0131r. Kurulum k\u0131lavuzu ve montaj aparatlar\u0131 \u00fcr\u00fcn\u00fcn i\u00e7indedir. \u00dcr\u00fcn boyutlar\u0131 En:200 cm Boy:200 cm Derinlik:26 cm Tamamen el i\u015f\u00e7ili\u011fi olup A\u011fac\u0131n do\u011fas\u0131 sebebiyle \u00f6lc\u00fclerde 1-2 cm fark\u0131l\u0131k g\u00f6sterebilir \u00dcr\u00fcn foto\u011fraf\u0131nda kullan\u0131lan aksesuarlar fiyata dahil de\u011fildir sat\u0131\u015f\u0131 yoktur.<\/p>\n","protected":false},"excerpt":{"rendered":"<p>1.S\u0131n\u0131f f\u0131r\u0131nlanm\u0131\u015f masif \u00e7am a\u011fac\u0131ndan \u00fcretilmi\u015f olup Su bazl\u0131 ah\u015fap koruyucu (Pinotex) ve ah\u015fap koruyucu vernik uygulanm\u0131\u015ft\u0131r. Kitapl\u0131\u011f\u0131m\u0131z demonte bir \u015fekilde g\u00f6nderilmektedir. \u00d6zel tasar\u0131m\u0131 sayesinde kurulumu \u00e7ok kolay olup vidalama [&hellip;]<\/p>\n","protected":false},"featured_media":909,"comment_status":"open","ping_status":"closed","template":"","meta":[],"product_brand":[],"product_cat":[45,22],"product_tag":[],"class_list":{"0":"post-905","1":"product","2":"type-product","3":"status-publish","4":"has-post-thumbnail","6":"product_cat-calisma-odalari","7":"product_cat-kitapliklar","9":"first","10":"instock","11":"sale","12":"shipping-taxable","13":"purchasable","14":"product-type-simple"},"yoast_head":"<!-- This site is optimized with the Yoast SEO plugin v25.5 - https:\/\/yoast.com\/wordpress\/plugins\/seo\/ -->\n<title>Kitapl\u0131k Ceviz renk 200x200 - Wood Work Antalya<\/title>\n<meta name=\"robots\" content=\"index, follow, max-snippet:-1, max-image-preview:large, max-video-preview:-1\" \/>\n<link rel=\"canonical\" href=\"https:\/\/woodworkantalya.com.tr\/index.php\/urun\/kitaplik-ceviz\/\" \/>\n<meta property=\"og:locale\" content=\"tr_TR\" \/>\n<meta property=\"og:type\" content=\"article\" \/>\n<meta property=\"og:title\" content=\"Kitapl\u0131k Ceviz renk 200x200 - Wood Work Antalya\" \/>\n<meta property=\"og:description\" content=\"1.S\u0131n\u0131f f\u0131r\u0131nlanm\u0131\u015f masif \u00e7am a\u011fac\u0131ndan \u00fcretilmi\u015f olup Su bazl\u0131 ah\u015fap koruyucu (Pinotex) ve ah\u015fap koruyucu vernik uygulanm\u0131\u015ft\u0131r. Kitapl\u0131\u011f\u0131m\u0131z demonte bir \u015fekilde g\u00f6nderilmektedir. \u00d6zel tasar\u0131m\u0131 sayesinde kurulumu \u00e7ok kolay olup vidalama [&hellip;]\" \/>\n<meta property=\"og:url\" content=\"https:\/\/woodworkantalya.com.tr\/index.php\/urun\/kitaplik-ceviz\/\" \/>\n<meta property=\"og:site_name\" content=\"Wood Work Antalya\" \/>\n<meta property=\"article:modified_time\" content=\"2026-03-02T17:40:17+00:00\" \/>\n<meta property=\"og:image\" content=\"https:\/\/woodworkantalya.com.tr\/wp-content\/uploads\/2024\/02\/kc3.jpg\" \/>\n\t<meta property=\"og:image:width\" content=\"2000\" \/>\n\t<meta property=\"og:image:height\" content=\"2000\" \/>\n\t<meta property=\"og:image:type\" content=\"image\/jpeg\" \/>\n<meta name=\"twitter:card\" content=\"summary_large_image\" \/>\n<meta name=\"twitter:label1\" content=\"Tahmini okuma s\u00fcresi\" \/>\n\t<meta name=\"twitter:data1\" content=\"1 dakika\" \/>\n<script type=\"application\/ld+json\" class=\"yoast-schema-graph\">{\"@context\":\"https:\/\/schema.org\",\"@graph\":[{\"@type\":\"WebPage\",\"@id\":\"https:\/\/woodworkantalya.com.tr\/index.php\/urun\/kitaplik-ceviz\/\",\"url\":\"https:\/\/woodworkantalya.com.tr\/index.php\/urun\/kitaplik-ceviz\/\",\"name\":\"Kitapl\u0131k Ceviz renk 200x200 - Wood Work Antalya\",\"isPartOf\":{\"@id\":\"https:\/\/woodworkantalya.com.tr\/#website\"},\"primaryImageOfPage\":{\"@id\":\"https:\/\/woodworkantalya.com.tr\/index.php\/urun\/kitaplik-ceviz\/#primaryimage\"},\"image\":{\"@id\":\"https:\/\/woodworkantalya.com.tr\/index.php\/urun\/kitaplik-ceviz\/#primaryimage\"},\"thumbnailUrl\":\"https:\/\/woodworkantalya.com.tr\/wp-content\/uploads\/2024\/02\/kc3.jpg\",\"datePublished\":\"2024-02-22T09:41:38+00:00\",\"dateModified\":\"2026-03-02T17:40:17+00:00\",\"breadcrumb\":{\"@id\":\"https:\/\/woodworkantalya.com.tr\/index.php\/urun\/kitaplik-ceviz\/#breadcrumb\"},\"inLanguage\":\"tr\",\"potentialAction\":[{\"@type\":\"ReadAction\",\"target\":[\"https:\/\/woodworkantalya.com.tr\/index.php\/urun\/kitaplik-ceviz\/\"]}]},{\"@type\":\"ImageObject\",\"inLanguage\":\"tr\",\"@id\":\"https:\/\/woodworkantalya.com.tr\/index.php\/urun\/kitaplik-ceviz\/#primaryimage\",\"url\":\"https:\/\/woodworkantalya.com.tr\/wp-content\/uploads\/2024\/02\/kc3.jpg\",\"contentUrl\":\"https:\/\/woodworkantalya.com.tr\/wp-content\/uploads\/2024\/02\/kc3.jpg\",\"width\":2000,\"height\":2000},{\"@type\":\"BreadcrumbList\",\"@id\":\"https:\/\/woodworkantalya.com.tr\/index.php\/urun\/kitaplik-ceviz\/#breadcrumb\",\"itemListElement\":[{\"@type\":\"ListItem\",\"position\":1,\"name\":\"Anasayfa\",\"item\":\"https:\/\/woodworkantalya.com.tr\/\"},{\"@type\":\"ListItem\",\"position\":2,\"name\":\"T\u00fcm \u00dcr\u00fcnler\",\"item\":\"https:\/\/woodworkantalya.com.tr\/index.php\/shop\/\"},{\"@type\":\"ListItem\",\"position\":3,\"name\":\"Kitapl\u0131k Ceviz renk 200&#215;200\"}]},{\"@type\":\"WebSite\",\"@id\":\"https:\/\/woodworkantalya.com.tr\/#website\",\"url\":\"https:\/\/woodworkantalya.com.tr\/\",\"name\":\"Wood Work Antalya\",\"description\":\"\",\"publisher\":{\"@id\":\"https:\/\/woodworkantalya.com.tr\/#organization\"},\"potentialAction\":[{\"@type\":\"SearchAction\",\"target\":{\"@type\":\"EntryPoint\",\"urlTemplate\":\"https:\/\/woodworkantalya.com.tr\/?s={search_term_string}\"},\"query-input\":{\"@type\":\"PropertyValueSpecification\",\"valueRequired\":true,\"valueName\":\"search_term_string\"}}],\"inLanguage\":\"tr\"},{\"@type\":\"Organization\",\"@id\":\"https:\/\/woodworkantalya.com.tr\/#organization\",\"name\":\"Wood Work Antalya\",\"url\":\"https:\/\/woodworkantalya.com.tr\/\",\"logo\":{\"@type\":\"ImageObject\",\"inLanguage\":\"tr\",\"@id\":\"https:\/\/woodworkantalya.com.tr\/#\/schema\/logo\/image\/\",\"url\":\"https:\/\/woodworkantalya.com.tr\/wp-content\/uploads\/2024\/01\/woodwork-logo.png\",\"contentUrl\":\"https:\/\/woodworkantalya.com.tr\/wp-content\/uploads\/2024\/01\/woodwork-logo.png\",\"width\":500,\"height\":500,\"caption\":\"Wood Work Antalya\"},\"image\":{\"@id\":\"https:\/\/woodworkantalya.com.tr\/#\/schema\/logo\/image\/\"}}]}<\/script>\n<!-- \/ Yoast SEO plugin. -->","yoast_head_json":{"title":"Kitapl\u0131k Ceviz renk 200x200 - Wood Work Antalya","robots":{"index":"index","follow":"follow","max-snippet":"max-snippet:-1","max-image-preview":"max-image-preview:large","max-video-preview":"max-video-preview:-1"},"canonical":"https:\/\/woodworkantalya.com.tr\/index.php\/urun\/kitaplik-ceviz\/","og_locale":"tr_TR","og_type":"article","og_title":"Kitapl\u0131k Ceviz renk 200x200 - Wood Work Antalya","og_description":"1.S\u0131n\u0131f f\u0131r\u0131nlanm\u0131\u015f masif \u00e7am a\u011fac\u0131ndan \u00fcretilmi\u015f olup Su bazl\u0131 ah\u015fap koruyucu (Pinotex) ve ah\u015fap koruyucu vernik uygulanm\u0131\u015ft\u0131r. Kitapl\u0131\u011f\u0131m\u0131z demonte bir \u015fekilde g\u00f6nderilmektedir. \u00d6zel tasar\u0131m\u0131 sayesinde kurulumu \u00e7ok kolay olup vidalama [&hellip;]","og_url":"https:\/\/woodworkantalya.com.tr\/index.php\/urun\/kitaplik-ceviz\/","og_site_name":"Wood Work Antalya","article_modified_time":"2026-03-02T17:40:17+00:00","og_image":[{"width":2000,"height":2000,"url":"https:\/\/woodworkantalya.com.tr\/wp-content\/uploads\/2024\/02\/kc3.jpg","type":"image\/jpeg"}],"twitter_card":"summary_large_image","twitter_misc":{"Tahmini okuma s\u00fcresi":"1 dakika"},"schema":{"@context":"https:\/\/schema.org","@graph":[{"@type":"WebPage","@id":"https:\/\/woodworkantalya.com.tr\/index.php\/urun\/kitaplik-ceviz\/","url":"https:\/\/woodworkantalya.com.tr\/index.php\/urun\/kitaplik-ceviz\/","name":"Kitapl\u0131k Ceviz renk 200x200 - Wood Work Antalya","isPartOf":{"@id":"https:\/\/woodworkantalya.com.tr\/#website"},"primaryImageOfPage":{"@id":"https:\/\/woodworkantalya.com.tr\/index.php\/urun\/kitaplik-ceviz\/#primaryimage"},"image":{"@id":"https:\/\/woodworkantalya.com.tr\/index.php\/urun\/kitaplik-ceviz\/#primaryimage"},"thumbnailUrl":"https:\/\/woodworkantalya.com.tr\/wp-content\/uploads\/2024\/02\/kc3.jpg","datePublished":"2024-02-22T09:41:38+00:00","dateModified":"2026-03-02T17:40:17+00:00","breadcrumb":{"@id":"https:\/\/woodworkantalya.com.tr\/index.php\/urun\/kitaplik-ceviz\/#breadcrumb"},"inLanguage":"tr","potentialAction":[{"@type":"ReadAction","target":["https:\/\/woodworkantalya.com.tr\/index.php\/urun\/kitaplik-ceviz\/"]}]},{"@type":"ImageObject","inLanguage":"tr","@id":"https:\/\/woodworkantalya.com.tr\/index.php\/urun\/kitaplik-ceviz\/#primaryimage","url":"https:\/\/woodworkantalya.com.tr\/wp-content\/uploads\/2024\/02\/kc3.jpg","contentUrl":"https:\/\/woodworkantalya.com.tr\/wp-content\/uploads\/2024\/02\/kc3.jpg","width":2000,"height":2000},{"@type":"BreadcrumbList","@id":"https:\/\/woodworkantalya.com.tr\/index.php\/urun\/kitaplik-ceviz\/#breadcrumb","itemListElement":[{"@type":"ListItem","position":1,"name":"Anasayfa","item":"https:\/\/woodworkantalya.com.tr\/"},{"@type":"ListItem","position":2,"name":"T\u00fcm \u00dcr\u00fcnler","item":"https:\/\/woodworkantalya.com.tr\/index.php\/shop\/"},{"@type":"ListItem","position":3,"name":"Kitapl\u0131k Ceviz renk 200&#215;200"}]},{"@type":"WebSite","@id":"https:\/\/woodworkantalya.com.tr\/#website","url":"https:\/\/woodworkantalya.com.tr\/","name":"Wood Work Antalya","description":"","publisher":{"@id":"https:\/\/woodworkantalya.com.tr\/#organization"},"potentialAction":[{"@type":"SearchAction","target":{"@type":"EntryPoint","urlTemplate":"https:\/\/woodworkantalya.com.tr\/?s={search_term_string}"},"query-input":{"@type":"PropertyValueSpecification","valueRequired":true,"valueName":"search_term_string"}}],"inLanguage":"tr"},{"@type":"Organization","@id":"https:\/\/woodworkantalya.com.tr\/#organization","name":"Wood Work Antalya","url":"https:\/\/woodworkantalya.com.tr\/","logo":{"@type":"ImageObject","inLanguage":"tr","@id":"https:\/\/woodworkantalya.com.tr\/#\/schema\/logo\/image\/","url":"https:\/\/woodworkantalya.com.tr\/wp-content\/uploads\/2024\/01\/woodwork-logo.png","contentUrl":"https:\/\/woodworkantalya.com.tr\/wp-content\/uploads\/2024\/01\/woodwork-logo.png","width":500,"height":500,"caption":"Wood Work Antalya"},"image":{"@id":"https:\/\/woodworkantalya.com.tr\/#\/schema\/logo\/image\/"}}]}},"_links":{"self":[{"href":"https:\/\/woodworkantalya.com.tr\/index.php\/wp-json\/wp\/v2\/product\/905","targetHints":{"allow":["GET"]}}],"collection":[{"href":"https:\/\/woodworkantalya.com.tr\/index.php\/wp-json\/wp\/v2\/product"}],"about":[{"href":"https:\/\/woodworkantalya.com.tr\/index.php\/wp-json\/wp\/v2\/types\/product"}],"replies":[{"embeddable":true,"href":"https:\/\/woodworkantalya.com.tr\/index.php\/wp-json\/wp\/v2\/comments?post=905"}],"wp:featuredmedia":[{"embeddable":true,"href":"https:\/\/woodworkantalya.com.tr\/index.php\/wp-json\/wp\/v2\/media\/909"}],"wp:attachment":[{"href":"https:\/\/woodworkantalya.com.tr\/index.php\/wp-json\/wp\/v2\/media?parent=905"}],"wp:term":[{"taxonomy":"product_brand","embeddable":true,"href":"https:\/\/woodworkantalya.com.tr\/index.php\/wp-json\/wp\/v2\/product_brand?post=905"},{"taxonomy":"product_cat","embeddable":true,"href":"https:\/\/woodworkantalya.com.tr\/index.php\/wp-json\/wp\/v2\/product_cat?post=905"},{"taxonomy":"product_tag","embeddable":true,"href":"https:\/\/woodworkantalya.com.tr\/index.php\/wp-json\/wp\/v2\/product_tag?post=905"}],"curies":[{"name":"wp","href":"https:\/\/api.w.org\/{rel}","templated":true}]}}